14) to base 2
11
-3 (base 8) to base 13
-3
Convert -79 (base 16) to base 9.
-144
What is 0 (base 11) in base 13?
0
Convert -6 (base 13) to base 15.
-6
Convert 12100 (base 3) to base 5.
1034
Convert -5 (base 7) to base 5.
-10
What is 111 (base 2) in base 3?
21
What is -22 (base 5) in base 10?
-12
What is -111 (base 4) in base 15?
-16
What is -10 (base 8) in base 13?
-8
113 (base 10) to base 4
1301
What is -3 (base 11) in base 13?
-3
9 (base 13) to base 14
9
61 (base 10) to base 7
115
Convert 77 (base 13) to base 3.
10122
What is -5 (base 11) in base 15?
-5
Convert -78 (base 14) to base 9.
-127
Convert 4 (base 7) to base 14.
4
What is -10 (base 3) in base 2?
-11
Convert -132 (base 5) to base 13.
-33
Convert -25 (base 13) to base 2.
-11111
What is 18 (base 15) in base 13?
1a
Convert 10 (base 3) to base 16.
3
Convert 112 (base 6) to base 15.
2e
Convert -122 (base 3) to base 7.
-23
Convert 95 (base 14) to base 3.
11212
21 (base 11) to base 7
32
Convert 1 (base 16) to base 11.
1
-2 (base 4) to base 2
-10
Convert -4 (base 12) to base 15.
-4
Convert -4 (base 13) to base 4.
-10
0 (base 15) to base 5
0
Convert 4a (base 14) to base 9.
73
Convert -1 (base 11) to base 15.
-1
Convert 3 (base 12) to base 4.
3
-2 (base 14) to base 9
-2
What is -5 (base 10) in base 11?
-5
-34 (base 6) to base 16
-16
What is -26 (base 13) in base 10?
-32
3203 (base 4) to base 11
197
What is 120 (base 4) in base 10?
24
What is -21 (base 6) in base 7?
-16
What is -11 (base 11) in base 12?
-10
5 (base 11) to base 9
5
Convert 12 (base 13) to base 11.
14
What is 11 (base 4) in base 15?
5
Convert -1a (base 14) to base 8.
-30
Convert 224 (base 6) to base 13.
6a
-1 (base 12) to base 3
-1
1 (base 3) to base 9
1
-10110111 (base 2) to base 4
-2313
49 (base 13) to base 7
115
What is -1 (base 12) in base 2?
-1
31a (base 11) to base 8
600
What is 10202 (base 3) in base 7?
203
Convert b4 (base 13) to base 8.
223
Convert 10000 (base 2) to base 15.
11
What is -133 (base 7) in base 8?
-111
3 (base 16) to base 15
3
-12 (base 6) to base 8
-10
Convert -20 (base 5) to base 7.
-13
What is a (base 16) in base 14?
a
-10 (base 8) to base 12
-8
269 (base 11) to base 15
162
Convert -362 (base 7) to base 2.
-10111111
What is 11 (base 2) in base 12?
3
What is 3 (base 14) in base 12?
3
Convert b (base 15) to base 4.
23
What is 43 (base 14) in base 16?
3b
What is -1 (base 13) in base 15?
-1
What is 1 (base 11) in base 5?
1
0 (base 16) to base 10
0
What is a7 (base 12) in base 2?
1111111
What is 3 (base 14) in base 16?
3
-1ba (base 13) to base 3
-102221
Convert 14 (base 12) to base 9.
17
Convert 202 (base 3) to base 7.
26
What is 122 (base 3) in base 16?
11
20 (base 15) to base 16
1e
Convert -2b (base 15) to base 6.
-105
What is -223 (base 4) in base 3?
-1121
Convert -249 (base 10) to base 16.
-f9
What is 45 (base 12) in base 5?
203
-1 (base 14) to base 9
-1
-1 (base 5) to base 8
-1
-5 (base 15) to base 14
-5
Convert 14 (base 14) to base 13.
15
3 (base 11) to base 3
10
-25 (base 6) to base 9
-18
What is 48 (base 11) in base 5?
202
Convert 1c (base 16) to base 5.
103
What is -56 (base 15) in base 5?
-311
-13 (base 12) to base 5
-30
What is -13d (base 15) in base 16?
-11b
Convert 122 (base 3) to base 11.
16
1221 (base 4) to base 11
96
Convert e (base 15) to base 4.
32
What is 205 (base 6) in base 8?
115
-6 (base 11) to base 10
-6
What is 101 (base 2) in base 3?
12
101 (base 4) to base 2
10001
Convert -9 (base 13) to base 10.
-9
What is -101 (base 6) in base 16?
-25
Convert -112 (base 5) to base 3.
-1012
1 (base 7) to base 11
1
Convert 3 (base 8) to base 10.
3
What is 2 (base 10) in base 15?
2
Convert 101 (base 2) to base 10.
5
Convert -2 (base 5) to base 2.
-10
-11 (base 16) to base 2
-10001
-41 (base 14) to base 12
-49
What is -4 (base 16) in base 2?
-100
What is -1 (base 4) in base 8?
-1
Convert -105 (base 9) to base 5.
-321
Convert -5 (base 6) to base 10.
-5
-100 (base 3) to base 6
-13
1 (base 4) to base 7
1
157 (base 10) to base 8
235
Convert -1 (base 9) to base 6.
-1
Convert -101 (base 2) to base 3.
-12
Convert -97 (base 10) to base 15.
-67
Convert 0 (base 10) to base 3.
0
What is -16 (base 9) in base 4?
-33
-2 (base 4) to base 7
-2
-9 (base 10) to base 8
-11
11 (base 10) to base 15
b
3 (base 13) to base 14
3
Convert 11 (base 5) to base 7.
6
-7 (base 10) to base 6
-11
Convert -1 (base 4) to base 6.
-1
-210 (base 3) to base 7
-30
Convert 18 (base 12) to base 10.
20
1011000 (base 2) to base 7
154
Convert 16 (base 8) to base 6.
22
10 (base 7) to base 9
7
What is -36 (base 10) in base 14?
-28
What is -3 (base 7) in base 12?
-3
What is 1110 (base 2) in base 7?
20
What is 0 (base 12) in base 3?
0
1 (base 14) to base 4
1
What is 1 (base 15) in base 7?
1
10 (base 4) to base 10
4
What is -2c (base 13) in base 6?
-102
What is -12 (base 7) in base 13?
-9
-8 (base 9) to base 2
-1000
Convert -5 (base 14) to base 13.
-5
What is 10101 (base 2) in base 12?
19
Convert -6 (base 16) to base 3.
-20
Convert 68 (base 12) to base 15.
55
112 (base 5) to base 4
200
Convert -130 (base 4) to base 2.
-11100
Convert -2 (base 4) to base 5.
-2
-6 (base 9) to base 16
-6
Convert -ca (base 15) to base 9.
-231
Convert -513 (base 8) to base 11.
-281
Convert 202 (base 9) to base 5.
1124
Convert -1 (base 2) to base 7.
-1
2 (base 11) to base 5
2
What is -4 (base 7) in base 16?
-4
Convert 14 (base 11) to base 8.
17
Convert 211 (base 8) to base 3.
12002
What is 2 (base 15) in base 6?
2
What is 35 (base 13) in base 6?
112
What is 1 (base 15) in base 13?
1
6 (base 14) to base 4
12
What is 0 (base 2) in base 6?
0
2 (base 13) to base 4
2
-2 (base 7) to base 3
-2
-1 (base 4) to base 11
-1
-54 (base 13) to base 6
-153
-15 (base 9) to base 12
-12
-2 (base 5) to base 7
-2
What is ce (base 16) in base 5?
1311
Convert -9 (base 12) to base 14.
-9
-236 (base 7) to base 9
-148
Convert -110 (base 5) to base 4.
-132
-15 (base 13) to base 8
-22
Convert 1 (base 12) to base 14.
1
Convert -9 (base 16) to base 9.
-10
What is -40 (base 16) in base 11?
-59
What is 111 (base 4) in base 9?
23
Convert 4 (base 13) to base 14.
4
-2 (base 8) to base 14
-2
-10102 (base 3) to base 4
-1130
Convert 0 (base 14) to base 9.
0
Convert 4 (base 6) to base 12.
4
c2 (base 15) to base 5
1212
75 (base 8) to base 6
141
-5 (base 6) to base 4
-11
Convert -1 (base 10) to base 14.
-1
Convert -36 (base 7) to base 5.
-102
Convert 10 (base 3) to base 13.
3
What is -10 (base 3) in base 2?
-11
What is -12 (base 3) in base 7?
-5
Convert aa (base 12) to base 2.
10000010
Convert -156 (base 7) to base 5.
-330
What is -233 (base 5) in base 7?
-125
-11 (base 2) to base 6
-3
What is -131 (base 4) in base 16?
-1d
What is -1 (base 6) in base 2?
-1
Convert -111 (base 2) to base 15.
-7
Convert 2 (base 4) to base 7.
2
-1b (base 14) to base 10
-25
-4 (base 11) to base 5
-4
What is 1b (base 15) in base 3?
222
What is 130 (base 4) in base 9?
31
What is e5 (base 16) in base 10?
229
Convert -12 (base 6) to base 16.
-8
What is 1 (base 7) in base 16?
1
What is 2 (base 15) in base 12?
2
Convert -1 (base 6) to base 16.
-1
Convert -110 (base 4) to base 12.
-18
Convert -10 (base 3) to base 6.
-3
14 (base 7) to base 15
b
4c (base 15) to base 3
2200
33 (base 9) to base 6
50
-11 (base 4) to base 14
-5
What is -31 (base 14) in base 11?
-3a
-74 (base 8) to base 9
-66
What is 53 (base 9) in base 12?
40
-5c (base 13) to base 10
-77
Convert 4 (base 13) to base 3.
11
Convert 2 (base 16) to base 10.
2
-3 (base 5) to base 9
-3
What is 2 (base 16) in base 13?
2
What is -34 (base 7) in base 16?
-19
What is -164 (base 8) in base 16?
-74
2 (base 3) to base 8
2
Convert -7 (base 16) to base 11.
-7
-1 (base 12) to base 4
-1
-1303 (base 4) to base 14
-83
-17 (base 10) to base 2
-10001
What is -3 (base 11) in base 6?
-3
Convert 27 (base 9) to base 16.
19
-4 (base 5) to base 14
-4
Convert -af (base 16) to base 14.
-c7
Convert -e (base 15) to base 7.
-20
What is -2 (base 9) in base 2?
-10
Convert 1 (base 14) to base 3.
1
What is -11 (base 7) in base 14?
-8
What is 1314 (base 5) in base 11?
180
0 (base 3) to base 5
0
What is 203 (base 6) in base 14?
55
0 (base 3) to base 9
0
88 (base 13) to base 7
220
52 (base 11) to base 14
41
Convert 52 (base 6) to base 12.
28
22 (base 16) to base 2
100010
-6 (base 10) to base 13
-6
Convert -202 (base 9